ppose -o + y - 2 = 0. Suppose -o*t - 36 = -b - 7*t, 0 = -t + 5. What is the units digit of b?
6
Let z(a) = 19*a**2 + 25*a - 106. What is the tens digit of z(5)?
9
Suppose -5*q = -2*x + 827, 5*x = -0*x - q + 2135. What is the hundreds digit of x?
4
Let o(b) be the first derivative of b**3/6 + 2*b**2 + 5*b + 9. Let c(w) be the first derivative of o(w). What is the units digit of c(-3)?
1
Suppose -30 = -2*y - 4*k, 2*y + 12 = 2*k + 36. What is the hundreds digit of (22/(-4))/(y/(-286))?
1
Let x(p) = p**3 + 4*p**2 - 2. Let i be x(-3). Let k = i - 5. Suppose 0*v + v - 10 = 5*t, 5*v + k*t = 77. What is the tens digit of v?
1
Let n(x) = x**3 - 4*x**2 - x. Let p be n(-3). Let w = -30 - p. What is the units digit of w?
0
Let u(g) = g - 7. Let d(a) = -a + 7. Let n(q) = 3*d(q) + 2*u(q). Let z(m) = -m**3 - 2*m**2 + 2*m - 8. Let v be z(-3). What is the units digit of n(v)?
2
Let d(v) = v**3 - 7*v**2 + 8*v - 8. Let c be d(6). Let p(s) = c*s - s - 6 + 0 + 2. What is the tens digit of p(9)?
2
Let x(i) be the second derivative of i**5/60 - i**4/6 + i**3/6 + 5*i. Let r(d) be the second derivative of x(d). What is the units digit of r(3)?
2
Let w be (-3)/2 - 92/(-8). Suppose 0 = 3*m + 3*n - 123, -w - 2 = 4*n. What is the tens digit of m?
4
Let g(h) = -247*h - 453. What is the tens digit of g(-9)?
7
Let m(z) = -z**2 - 10*z - 8. Let y be m(-10). Let p(f) = -2*f - 11. Let x be p(y). Suppose -57 = -x*u - 2. What is the tens digit of u?
1
Suppose 66 = -3*y + g + 821, -3*y - 4*g = -760. What is the units digit of y?
2
Let m = -3 + 0. Let p(j) be the first derivative of 2*j**3/3 - 3*j**2/2 - 4*j + 62. What is the tens digit of p(m)?
2
Suppose -5*m + 1916 + 823 = 3*p, -5*p - 1657 = -3*m. What is the tens digit of m?
4
Suppose 3*o = 2*l + 2057, -2*l + 3166 - 414 = 4*o. What is the units digit of o?
7
Suppose 0 = 2*q + 2*j - 364, -181 = 4*q + 2*j - 901. What is the units digit of q?
8
Let m be 99/44 - 2/8. Let j(y) = 20*y + 2. What is the tens digit of j(m)?
4
Suppose 2*w - 360 = -2*m + 232, m = w - 296. Suppose -c = 5*v - 36 - w, -332 = -c - v. What is the hundreds digit of c?
3
Let t(p) be the second derivative of -p**5/20 + p**4/2 + 2*p**3/3 + 12*p**2 + 7*p. What is the units digit of t(6)?
8
Let b = 14 - 9. Let j be 4/(-10) + 32/b. Suppose -7*k + j*k = -28. What is the units digit of k?
8
Let n = -19 - -22. Suppose 0 = 2*v - 4*x - 48, -3*v + n*x + 2*x = -74. What is the units digit of v?
8
Let p(y) = 19*y**2 + 7*y + 38. What is the tens digit of p(-3)?
8
Let l(v) = 2*v**3 + 6*v**2 + 3*v + 6. Let x be l(5). Let s = 624 - x. What is the hundreds digit of s?
2
Let g(i) = 4*i**2 - 2*i - 2. Let j be g(3). Let r = -25 + j. Suppose -3*l - l - 5*p + 120 = 0, -r*l + 87 = 3*p. What is the tens digit of l?
2
Suppose -93 = -4*n + 67. Suppose a + 11 - 16 = 0. Suppose 4*s + s = -5*p + n, 37 = a*s + 2*p. What is the units digit of s?
7
Let i(n) = n**2 - 6*n - 8. Let a be i(7). Let z be (a - 21/(-9))*-27. Let r = 62 + z. What is the units digit of r?
6
Suppose 5*p - 697 = -3*v, -5*p - 3*v = -4*v - 681. Let o = p - 26. What is the hundreds digit of o?
1
Let q(j) = -23*j + 5*j + j + 7*j - 18. What is the units digit of q(-8)?
2
What is the tens digit of ((-64)/(-6))/(19/1881)?
5
Suppose 5*r = 5*m + 15, 0*r + 7 = 2*r - m. Suppose -r*b + 5*o + 86 = 0, 3*o = 5*b - 2*o - 105. What is the tens digit of b?
1
Let k = -32 - -321. What is the tens digit of k?
8
Let s = 1252 - 460. What is the tens digit of s?
9
Let g = -25 + 30. Let y be ((-2)/g)/((-8)/80). Suppose -106 = -y*j + 18. What is the units digit of j?
1
Let b = -275 + 385. Suppose 5*l - 179 = -3*c + 101, c + 5*l - b = 0. Let a = -40 + c. What is the units digit of a?
5
Let z(u) = -4*u - 31. Let k be z(-9). Suppose -2*c = -c - 5*m + 7, -4*m = k*c + 6. What is the units digit of (-530)/5*c/4?
3
Suppose 2*v - 6*v = 4. Let d = v + -2. Let m(p) = p**3 + 7*p**2 + 3*p + 1. What is the units digit of m(d)?
8
Let f be -3*(4/(-7) - 36/84). Let g(h) = 1 - 4*h + 1 + 4 + 7*h**2. What is the units digit of g(f)?
7
Let l = -1833 - -7110. What is the hundreds digit of l?
2
Let c(p) = -2*p**3 - 71*p**2 - 17*p - 65. What is the units digit of c(-36)?
3
Let r = -1328 - -2233. What is the hundreds digit of r?
9
Let u(c) = 15*c**2 - 3*c - 4. Let v(g) = 14*g**2 - 3*g - 3. Let s(a) = -4*u(a) + 5*v(a). What is the tens digit of s(-3)?
0
Let d(b) = -1872*b + 13. What is the hundreds digit of d(-1)?
8
Suppose 0 = -4*r + 2*m - 278, -5*m - 285 = 4*r - 0*m. Let t(k) = -k**2 + 3*k - 7. Let f be t(-5). Let j = f - r. What is the tens digit of j?
2
Let y be 14 - -2*(4 - 2). Suppose 0 = c - y - 15. What is the tens digit of c?
3
Let k = 121 + 160. Let o = k - 187. What is the units digit of o?
4
Let v be (-4)/12 + 26/6. What is the hundreds digit of ((-17)/v)/((-3)/(-6))*-12?
1
Let m(d) = 3*d. Let q be m(-1). Let y = q + 3. Suppose -18 = -4*a + 5*g, 16 = 3*a - y*a - 5*g. What is the units digit of a?
2
Let x be 7 + -2*3/2. Let s(k) = 5*k**3 - 2*k + 4. Let j be s(-5). What is the tens digit of j/(-26) - 6/x?
2
Let o = -792 + 1825. What is the thousands digit of o?
1
Let x(n) = 16*n + 100. What is the tens digit of x(7)?
1
Let z = 28 + -25. Suppose z*t - 20 = -t. Let x = t + 18. What is the units digit of x?
3
What is the thousands digit of (155/465)/(1/8628)?
2
Suppose -9*b + 827 = 323. What is the tens digit of b/((5/(-2))/(-5)) + 3?
1
Let t(l) be the first derivative of 15*l**2/2 + 7*l + 2. What is the hundreds digit of t(7)?
1
Let f(d) = 4*d**2 - 4*d. Let n(y) = -3*y**2 + 5*y - 1. Let j(q) = -2*f(q) - 3*n(q). Let v = 8 + 0. What is the units digit of j(v)?
1
Let g(m) = m**2 + 7*m - 29. Let t be g(7). Suppose 4*i - 5*i + t = 0. What is the tens digit of i?
6
Let f be 8/(-28) + 258/21. Let y be 4/f + (-15)/(-9). Suppose -5*n + 31 = y*j, 5*j - 25 = -5*n + 15. What is the units digit of n?
5
Let v be (-2)/(-5) - 32/80. What is the units digit of (1 - v)/(5/365)?
3
Let z(l) = 3*l**3 - 14*l**2 - 33*l + 226. What is the hundreds digit of z(14)?
2
What is the tens digit of (-18 - (-10 + -9))/((-1)/(-668))?
6
Suppose 10158 = 2*x + 4*a, a = x - 2976 - 2091. What is the hundreds digit of x?
0
Let y(h) be the first derivative of -h**2 + 1. Let j be y(-2). Suppose -j*t + 16 = 0, -2*u + 2*t + 0 + 14 = 0. What is the tens digit of u?
1
Suppose 13 = -2*w - i, -2*w + 4*i - i - 9 = 0. Let n(c) = -14*c**2 + 9*c - 4 + 23*c**2 - 7*c**2. What is the tens digit of n(w)?
1
Let y = 93 - 44. Let o = 100 - y. What is the tens digit of o?
5
What is the tens digit of (0 - 9/6)*-136?
0
Suppose -u + 0 = 9. Let t = 9 + u. Suppose t*f - 22 = -f. What is the tens digit of f?
2
Suppose -2*z - a + 1791 = 0, 3*z = -z - 3*a + 3579. What is the hundreds digit of z?
8
What is the units digit of (-4854)/((176/(-11))/8)?
7
Let r(y) = -y**3 + y**2 + 8*y + 251. What is the units digit of r(0)?
1
Let h = -30 + 31. What is the units digit of ((5/(-1))/(-5))/(h/7)?
7
Suppose 3*u - 20 = -2*u. Suppose u*l - 8 = -4*g, -5*l + 7*g + 10 = 3*g. Suppose i = l*i - 2. What is the units digit of i?
2
Let p = -15 + 17. Suppose -p*n + 24 = 2*n. What is the units digit of n?
6
Let n = -4 + 10. Let h(o) = 2*o**2 - 5*o + 5. Let p be h(5). Suppose -3*d = -n*d + p. What is the tens digit of d?
1
Let t = -304 - -398. What is the units digit of t?
4
Let z(u) = -u**2 + 2*u - 6. Let n be z(4). What is the tens digit of (84/n)/(1/(-11))?
6
Let b(n) = n + 9. Let l be b(-8). Suppose 0 = v - 4*a - l - 9, 4*a + 22 = 3*v. Let x = 16 - v. What is the units digit of x?
0
Let h(v) = 19*v**2 - 2*v - 4. Let c = -107 + 104. What is the hundreds digit of h(c)?
1
Let m = -35 + 36. What is the units digit of -1 + (-1200)/(-5)*m?
9
Suppose 4*h - 2*f + 4 = 24, -5*h = 5*f - 25. Suppose 3 = 4*c - 17, 10 = h*d + 4*c. What is the tens digit of -3 + 6 - 58/d?
3
Let f = 0 - -1. Let u(q) = -19*q. Let j be u(f). Let b = j + 36. What is the tens digit of b?
1
Let c(x) be the third derivative of x**6/120 + x**5/12 - 7*x**4/24 + x**3/6 + 4*x**2. What is the units digit of c(-5)?
6
Let t(c) = 68*c - 1. Let z be t(2). Let o(w) = 2*w + 12. Let i be o(-6). Suppose -5*l + z = -i*l. What is the units digit of l?
7
Suppose 0 = 2*f - 5*t - 6577, 2*t + 2438 = -5*f + 18924. What is the thousands digit of f?
3
Let z(s) = -3*s + 4*s**2 + 0*s**2 + 3*s + 2*s - 1. Let k